digit of 940752?
5
What is the units digit of 75350?
0
What is the hundred thousands digit of 902363?
9
What is the hundreds digit of 6325170?
1
What is the millions digit of 8283278?
8
What is the hundreds digit of 230121?
1
What is the hundreds digit of 6085?
0
What is the hundreds digit of 137468?
4
What is the units digit of 353033?
3
What is the hundred thousands digit of 2553634?
5
What is the hundreds digit of 232942?
9
What is the thousands digit of 281118?
1
What is the tens digit of 14812326?
2
What is the ten thousands digit of 15071230?
7
What is the tens digit of 403605?
0
What is the hundred thousands digit of 276031?
2
What is the hundred thousands digit of 134971?
1
What is the hundreds digit of 852533?
5
What is the millions digit of 13239490?
3
What is the hundred thousands digit of 9008218?
0
What is the hundreds digit of 13409374?
3
What is the hundreds digit of 349993?
9
What is the ten thousands digit of 11670747?
7
What is the tens digit of 280280?
8
What is the units digit of 72377?
7
What is the units digit of 2088515?
5
What is the millions digit of 3722692?
3
What is the thousands digit of 521729?
1
What is the units digit of 3346421?
1
What is the hundreds digit of 557856?
8
What is the tens digit of 1004954?
5
What is the thousands digit of 29936?
9
What is the hundreds digit of 60574?
5
What is the units digit of 292969?
9
What is the hundreds digit of 2959026?
0
What is the millions digit of 1195614?
1
What is the hundred thousands digit of 11684766?
6
What is the ten thousands digit of 4171876?
7
What is the hundreds digit of 11308797?
7
What is the tens digit of 6715?
1
What is the thousands digit of 1394826?
4
What is the millions digit of 1470124?
1
What is the hundred thousands digit of 1737254?
7
What is the hundred thousands digit of 5747523?
7
What is the hundreds digit of 5718964?
9
What is the units digit of 7227310?
0
What is the millions digit of 5327380?
5
What is the ten thousands digit of 850129?
5
What is the hundred thousands digit of 21415452?
4
What is the tens digit of 494357?
5
What is the ten thousands digit of 1065039?
6
What is the tens digit of 4913387?
8
What is the thousands digit of 1663474?
3
What is the hundred thousands digit of 9515666?
5
What is the hundreds digit of 2052163?
1
What is the units digit of 1424492?
2
What is the millions digit of 4982009?
4
What is the thousands digit of 198944?
8
What is the hundreds digit of 3053918?
9
What is the hundreds digit of 177833?
8
What is the units digit of 1894654?
4
What is the hundred thousands digit of 134761?
1
What is the tens digit of 192394?
9
What is the millions digit of 14549364?
4
What is the tens digit of 4740613?
1
What is the thousands digit of 202817?
2
What is the thousands digit of 886863?
6
What is the hundred thousands digit of 1282990?
2
What is the tens digit of 79463?
6
What is the units digit of 174357?
7
What is the ten thousands digit of 1109215?
0
What is the millions digit of 1824445?
1
What is the units digit of 11569773?
3
What is the hundred thousands digit of 751836?
7
What is the thousands digit of 17772662?
2
What is the tens digit of 20154855?
5
What is the millions digit of 2313174?
2
What is the tens digit of 7075746?
4
What is the tens digit of 474797?
9
What is the ten thousands digit of 2085091?
8
What is the hundred thousands digit of 569826?
5
What is the ten thousands digit of 730423?
3
What is the hundreds digit of 375408?
4
What is the units digit of 9263629?
9
What is the thousands digit of 763482?
3
What is the units digit of 10470163?
3
What is the ten thousands digit of 1696367?
9
What is the units digit of 3622817?
7
What is the hundred thousands digit of 106596?
1
What is the tens digit of 8518053?
5
What is the units digit of 3642078?
8
What is the ten thousands digit of 813356?
1
What is the ten thousands digit of 341368?
4
What is the hundred thousands digit of 178496?
1
What is the hundreds digit of 1600705?
7
What is the thousands digit of 1408396?
8
What is the units digit of 417681?
1
What is the ten thousands digit of 15962878?
6
What is the thousands digit of 230730?
0
What is the ten thousands digit of 453328?
5
What is the tens digit of 20599?
9
What is the tens digit of 832215?
1
What is the units digit of 78546?
6
What is the ten thousands digit of 528274?
2
What is the hundreds digit of 566891?
8
What is the hundred thousands digit of 216901?
2
What is the thousands digit of 52031?
2
What is the millions digit of 14757090?
4
What is the tens digit of 397675?
7
What is the ten thousands digit of 18293384?
9
What is the tens digit of 1267671?
7
What is the hundreds digit of 754717?
7
What is the ten thousands digit of 922117?
2
What is the millions digit of 4369148?
4
What is the tens digit of 23824746?
4
What is the ten thousands digit of 4064370?
6
What is the ten thousands digit of 1902273?
0
What is the hundred thousands digit of 3001127?
0
What is the hundreds digit of 295742?
7
What is the hundreds digit of 174187?
1
What is the tens digit of 151501?
0
What is the hundreds digit of 19087256?
2
What is the hundreds digit of 1929819?
8
What is the units digit of 169385?
5
What is the hundreds digit of 400303?
3
What is the hundred thousands digit of 3911347?
9
What is the tens digit of 9173?
7
What is the hundred thousands digit of 31946870?
9
What is the hundred thousands digit of 24625215?
6
What is the hundred thousands digit of 1043319?
0
What is the ten thousands digit of 702550?
0
What is the thousands digit of 978884?
8
What is the units digit of 26568652?
2
What is the millions digit of 6222745?
6
What is the units digit of 6257843?
3
What is the units digit of 2906075?
5
What is the hundreds digit of 25078757?
7
What is the ten thousands digit of 6816686?
1
What is the hundreds digit of 15378647?
6
What is the hundreds digit of 257168?
1
What is the hundreds digit of 630413?
4
What is the hundred thousands digit of 400031?
4
What is the hundreds digit of 1023395?
3
What is the ten thousands digit of 7882340?
8
What is the units digit of 34847802?
2
What is the ten thousands digit of 20978?
2
What is the ten thousands digit of 495524?
9
What is the millions digit of 3976179?
3
What is the units digit of 4688873?
3
What is the tens digit of 968516?
1
What is the hundreds digit of 22010370?
3
What is the millions digit of 10411758?
0
What is the tens digit of 216122?
2
What is the units digit of 183977?
7
What is the hundred thousands digit of 8254196?
2
What is the tens digit of 80493?
9
What is the thousands digit of 3777901?
7
What is the hundreds digit of 188965?
9
What is the tens digit of 6324455?
5
What is the units digit of 4838?
8
What is the tens digit of 496065?
6
What is the units digit of 292324?
4
What is the hundreds digit of 11096362?
3
What is the units digit of 157181?
1
What is the units digit of 3809455?
5
What is the units digit of 4229870?
0
What is the millions digit of 6759959?
6
What is the ten thousands digit of 2599159?
9
What is the units digit of 8441511?
1
What is the hundred thousands digit of 529489?
5
What is the units digit of 14143135?
5
What is the units digit of 7743794?
4
What is the tens digit of 2120396?
9
What is the hundred thousands digit of 377722?
3
What is the tens digit of 1546133?
3
What is the tens digit of 36789854?
5
What is the hundred thousands digit of 5756425?
7
What is the millions digit of 3992813?
3
What is the units digit of 869236?
6
What is the tens digit of 3578386?
8
What is the tens digit of 512772?
7
What is the ten thousands digit of 181572?
8
What is the ten thousands digit of 281520?
8
What is the units digit of 8146423?
3
What is the thousands digit of 92311?
2
What is the tens digit of 498344?
4
What is the thousands digit of 921571?
1
What is the thousands digit of 2205777?
5
What is the hundreds digit of 397691?
6
What is the thousands digit of 1794222?
4
What is the hundreds digit of 14658852?
8
What is the ten thousands digit of 44051?
4
What is the ten millions digit of 21551004?
2
What is the ten thousands digit of 14557901?
5
What is the units digit of 91099?
9
What is the hundred thousands digit of 278225?
2
What is the tens digit of 134230?
3
What is the tens digit of 2111075?
7
Wha